{"id":1013,"date":"2023-12-07T10:37:31","date_gmt":"2023-12-07T09:37:31","guid":{"rendered":"https:\/\/idealnounou.com\/index.php\/la-garde-partagee\/"},"modified":"2025-10-20T07:11:13","modified_gmt":"2025-10-20T05:11:13","slug":"la-garde-partagee","status":"publish","type":"page","link":"https:\/\/idealnounou.com\/index.php\/la-garde-partagee\/","title":{"rendered":"La Garde Partag\u00e9e"},"content":{"rendered":"\n\n\n\n\n\n\n\n\n\n\n\n\n\n\n\n\n\n\n\n","protected":false},"excerpt":{"rendered":"","protected":false},"author":1,"featured_media":0,"parent":0,"menu_order":0,"comment_status":"closed","ping_status":"closed","template":"","meta":{"saved_in_kubio":true,"footnotes":""},"class_list":["post-1013","page","type-page","status-publish","hentry"],"kubio_ai_page_context":{"short_desc":"","purpose":"general"},"yoast_head":"<!-- This site is optimized with the Yoast SEO plugin v27.3 - https:\/\/yoast.com\/product\/yoast-seo-wordpress\/ -->\n<title>La garde partag\u00e9e - Id\u00e9al Nounou<\/title>\n<meta name=\"description\" content=\"Id\u00e9al nounou, propose la garde partag\u00e9e : Un(e) intervenant(e) qualifi\u00e9(e) pour vos enfants en partageant les frais entre familles !\" \/>\n<meta name=\"robots\" content=\"index, follow, max-snippet:-1, max-image-preview:large, max-video-preview:-1\" \/>\n<link rel=\"canonical\" href=\"https:\/\/idealnounou.com\/index.php\/la-garde-partagee\/\" \/>\n<meta property=\"og:locale\" content=\"fr_FR\" \/>\n<meta property=\"og:type\" content=\"article\" \/>\n<meta property=\"og:title\" content=\"La garde partag\u00e9e - Id\u00e9al Nounou\" \/>\n<meta property=\"og:description\" content=\"Id\u00e9al nounou, propose la garde partag\u00e9e : Un(e) intervenant(e) qualifi\u00e9(e) pour vos enfants en partageant les frais entre familles !\" \/>\n<meta property=\"og:url\" content=\"https:\/\/idealnounou.com\/index.php\/la-garde-partagee\/\" \/>\n<meta property=\"og:site_name\" content=\"Ideal&#039;Nounou\" \/>\n<meta property=\"article:modified_time\" content=\"2025-10-20T05:11:13+00:00\" \/>\n<meta name=\"twitter:card\" content=\"summary_large_image\" \/>\n<script type=\"application\/ld+json\" class=\"yoast-schema-graph\">{\"@context\":\"https:\\\/\\\/schema.org\",\"@graph\":[{\"@type\":\"WebPage\",\"@id\":\"https:\\\/\\\/idealnounou.com\\\/index.php\\\/la-garde-partagee\\\/\",\"url\":\"https:\\\/\\\/idealnounou.com\\\/index.php\\\/la-garde-partagee\\\/\",\"name\":\"La garde partag\u00e9e - Id\u00e9al Nounou\",\"isPartOf\":{\"@id\":\"https:\\\/\\\/idealnounou.com\\\/#website\"},\"datePublished\":\"2023-12-07T09:37:31+00:00\",\"dateModified\":\"2025-10-20T05:11:13+00:00\",\"description\":\"Id\u00e9al nounou, propose la garde partag\u00e9e : Un(e) intervenant(e) qualifi\u00e9(e) pour vos enfants en partageant les frais entre familles !\",\"breadcrumb\":{\"@id\":\"https:\\\/\\\/idealnounou.com\\\/index.php\\\/la-garde-partagee\\\/#breadcrumb\"},\"inLanguage\":\"fr-FR\",\"potentialAction\":[{\"@type\":\"ReadAction\",\"target\":[\"https:\\\/\\\/idealnounou.com\\\/index.php\\\/la-garde-partagee\\\/\"]}]},{\"@type\":\"BreadcrumbList\",\"@id\":\"https:\\\/\\\/idealnounou.com\\\/index.php\\\/la-garde-partagee\\\/#breadcrumb\",\"itemListElement\":[{\"@type\":\"ListItem\",\"position\":1,\"name\":\"Accueil\",\"item\":\"https:\\\/\\\/idealnounou.com\\\/\"},{\"@type\":\"ListItem\",\"position\":2,\"name\":\"La Garde Partag\u00e9e\"}]},{\"@type\":\"WebSite\",\"@id\":\"https:\\\/\\\/idealnounou.com\\\/#website\",\"url\":\"https:\\\/\\\/idealnounou.com\\\/\",\"name\":\"Ideal'Nounou\",\"description\":\"Ideal&#039;Nounou - Agence nounou 91 et 77\",\"publisher\":{\"@id\":\"https:\\\/\\\/idealnounou.com\\\/#organization\"},\"potentialAction\":[{\"@type\":\"SearchAction\",\"target\":{\"@type\":\"EntryPoint\",\"urlTemplate\":\"https:\\\/\\\/idealnounou.com\\\/?s={search_term_string}\"},\"query-input\":{\"@type\":\"PropertyValueSpecification\",\"valueRequired\":true,\"valueName\":\"search_term_string\"}}],\"inLanguage\":\"fr-FR\"},{\"@type\":\"Organization\",\"@id\":\"https:\\\/\\\/idealnounou.com\\\/#organization\",\"name\":\"Ideal'Nounou\",\"url\":\"https:\\\/\\\/idealnounou.com\\\/\",\"logo\":{\"@type\":\"ImageObject\",\"inLanguage\":\"fr-FR\",\"@id\":\"https:\\\/\\\/idealnounou.com\\\/#\\\/schema\\\/logo\\\/image\\\/\",\"url\":\"https:\\\/\\\/idealnounou.com\\\/wp-content\\\/uploads\\\/2023\\\/06\\\/logo-charte_Plan-de-travail-1-01.png\",\"contentUrl\":\"https:\\\/\\\/idealnounou.com\\\/wp-content\\\/uploads\\\/2023\\\/06\\\/logo-charte_Plan-de-travail-1-01.png\",\"width\":691,\"height\":308,\"caption\":\"Ideal'Nounou\"},\"image\":{\"@id\":\"https:\\\/\\\/idealnounou.com\\\/#\\\/schema\\\/logo\\\/image\\\/\"}}]}<\/script>\n<!-- \/ Yoast SEO plugin. -->","yoast_head_json":{"title":"La garde partag\u00e9e - Id\u00e9al Nounou","description":"Id\u00e9al nounou, propose la garde partag\u00e9e : Un(e) intervenant(e) qualifi\u00e9(e) pour vos enfants en partageant les frais entre familles !","robots":{"index":"index","follow":"follow","max-snippet":"max-snippet:-1","max-image-preview":"max-image-preview:large","max-video-preview":"max-video-preview:-1"},"canonical":"https:\/\/idealnounou.com\/index.php\/la-garde-partagee\/","og_locale":"fr_FR","og_type":"article","og_title":"La garde partag\u00e9e - Id\u00e9al Nounou","og_description":"Id\u00e9al nounou, propose la garde partag\u00e9e : Un(e) intervenant(e) qualifi\u00e9(e) pour vos enfants en partageant les frais entre familles !","og_url":"https:\/\/idealnounou.com\/index.php\/la-garde-partagee\/","og_site_name":"Ideal&#039;Nounou","article_modified_time":"2025-10-20T05:11:13+00:00","twitter_card":"summary_large_image","schema":{"@context":"https:\/\/schema.org","@graph":[{"@type":"WebPage","@id":"https:\/\/idealnounou.com\/index.php\/la-garde-partagee\/","url":"https:\/\/idealnounou.com\/index.php\/la-garde-partagee\/","name":"La garde partag\u00e9e - Id\u00e9al Nounou","isPartOf":{"@id":"https:\/\/idealnounou.com\/#website"},"datePublished":"2023-12-07T09:37:31+00:00","dateModified":"2025-10-20T05:11:13+00:00","description":"Id\u00e9al nounou, propose la garde partag\u00e9e : Un(e) intervenant(e) qualifi\u00e9(e) pour vos enfants en partageant les frais entre familles !","breadcrumb":{"@id":"https:\/\/idealnounou.com\/index.php\/la-garde-partagee\/#breadcrumb"},"inLanguage":"fr-FR","potentialAction":[{"@type":"ReadAction","target":["https:\/\/idealnounou.com\/index.php\/la-garde-partagee\/"]}]},{"@type":"BreadcrumbList","@id":"https:\/\/idealnounou.com\/index.php\/la-garde-partagee\/#breadcrumb","itemListElement":[{"@type":"ListItem","position":1,"name":"Accueil","item":"https:\/\/idealnounou.com\/"},{"@type":"ListItem","position":2,"name":"La Garde Partag\u00e9e"}]},{"@type":"WebSite","@id":"https:\/\/idealnounou.com\/#website","url":"https:\/\/idealnounou.com\/","name":"Ideal'Nounou","description":"Ideal&#039;Nounou - Agence nounou 91 et 77","publisher":{"@id":"https:\/\/idealnounou.com\/#organization"},"potentialAction":[{"@type":"SearchAction","target":{"@type":"EntryPoint","urlTemplate":"https:\/\/idealnounou.com\/?s={search_term_string}"},"query-input":{"@type":"PropertyValueSpecification","valueRequired":true,"valueName":"search_term_string"}}],"inLanguage":"fr-FR"},{"@type":"Organization","@id":"https:\/\/idealnounou.com\/#organization","name":"Ideal'Nounou","url":"https:\/\/idealnounou.com\/","logo":{"@type":"ImageObject","inLanguage":"fr-FR","@id":"https:\/\/idealnounou.com\/#\/schema\/logo\/image\/","url":"https:\/\/idealnounou.com\/wp-content\/uploads\/2023\/06\/logo-charte_Plan-de-travail-1-01.png","contentUrl":"https:\/\/idealnounou.com\/wp-content\/uploads\/2023\/06\/logo-charte_Plan-de-travail-1-01.png","width":691,"height":308,"caption":"Ideal'Nounou"},"image":{"@id":"https:\/\/idealnounou.com\/#\/schema\/logo\/image\/"}}]}},"_links":{"self":[{"href":"https:\/\/idealnounou.com\/index.php\/wp-json\/wp\/v2\/pages\/1013","targetHints":{"allow":["GET"]}}],"collection":[{"href":"https:\/\/idealnounou.com\/index.php\/wp-json\/wp\/v2\/pages"}],"about":[{"href":"https:\/\/idealnounou.com\/index.php\/wp-json\/wp\/v2\/types\/page"}],"author":[{"embeddable":true,"href":"https:\/\/idealnounou.com\/index.php\/wp-json\/wp\/v2\/users\/1"}],"replies":[{"embeddable":true,"href":"https:\/\/idealnounou.com\/index.php\/wp-json\/wp\/v2\/comments?post=1013"}],"version-history":[{"count":10,"href":"https:\/\/idealnounou.com\/index.php\/wp-json\/wp\/v2\/pages\/1013\/revisions"}],"predecessor-version":[{"id":3700,"href":"https:\/\/idealnounou.com\/index.php\/wp-json\/wp\/v2\/pages\/1013\/revisions\/3700"}],"wp:attachment":[{"href":"https:\/\/idealnounou.com\/index.php\/wp-json\/wp\/v2\/media?parent=1013"}],"curies":[{"name":"wp","href":"https:\/\/api.w.org\/{rel}","templated":true}]}}